{"id":938,"date":"2024-02-01T22:42:30","date_gmt":"2024-02-01T22:42:30","guid":{"rendered":"https:\/\/harmonique.ch\/?page_id=938"},"modified":"2026-08-25T10:53:47","modified_gmt":"2026-08-25T10:53:47","slug":"qi-gong","status":"publish","type":"page","link":"https:\/\/harmonique.ch\/index.php\/qi-gong\/","title":{"rendered":"Qi Gong"},"content":{"rendered":"\n<p class=\"wp-block-paragraph\">La pratique du Qi Gong am\u00e8ne un \u00e9quilibre global: physique, psychique, \u00e9motionnel.<\/p>\n\n\n\n<p class=\"wp-block-paragraph\">Pratiqu\u00e9 r\u00e9guli\u00e8rement, il contribue \u00e0 renforcer le syst\u00e8me immunitaire, r\u00e9duit les effets du stress, apaise l&rsquo;esprit, r\u00e9gularise le sommeil, am\u00e9liore la digestion, tonifie les muscles, am\u00e9liore la circulation sanguine, r\u00e9gularise la tension art\u00e9rielle. Il favorise la circulation du Qi \u00e0 tous les niveaux.<\/p>\n\n\n\n<p class=\"wp-block-paragraph\">Il am\u00e8ne concentration et conscience de son propre corps, de son axe. En d\u00e9coulent une proprioception am\u00e9lior\u00e9e et une posture plus saine. Un travail sur le souffle est r\u00e9alis\u00e9.<\/p>\n\n\n\n<p class=\"wp-block-paragraph\">Le Qi gong est particuli\u00e8rement recommand\u00e9e en cas d&rsquo;anxi\u00e9t\u00e9, en suivi de burn out, pour contribuer \u00e0 restaurer l&rsquo;\u00e9nergie originelle, ou encore dans les  phases de convalescence et remise en forme. <\/p>\n\n\n\n<h2 class=\"wp-block-heading has-text-align-center\">COURS COLLECTIFS<\/h2>\n\n\n\n<p class=\"has-text-align-center has-medium-font-size wp-block-paragraph\"><strong>Les vendredis de 11h \u00e0 12h<br>25 septembre, 2, 9, 16, 23 octobre de 11h \u00e0 12h<\/strong><\/p>\n\n\n\n<p class=\"wp-block-paragraph\">Les cours ont lieu en petits groupes de 3 personnes.<br>La session se compose de 5 cours et permet d&rsquo;acqu\u00e9rir une autonomie dans la pratique d&rsquo;une forme. <br>Lieu: rue de Lausanne 76, 1202 Gen\u00e8ve (arr\u00eat tram Butini, parking Butini)<br>Tarif: CHF 125.- la session de 5 cours<br>Inscription par t\u00e9l., sms ou mail. +4176 584 02 50 (Sandra) ou contact@harmonique.ch<\/p>\n\n\n\n<p class=\"wp-block-paragraph\"><\/p>\n\n\n\n<h2 class=\"wp-block-heading has-text-align-center\">ATELIERS DU DIMANCHE<\/h2>\n\n\n\n<p class=\"has-text-align-center has-medium-font-size wp-block-paragraph\"><strong>18 oct. \/ 1er nov \/ 6 d\u00e9c. <br>de 10h30 \u00e0 12h<\/strong><\/p>\n\n\n\n<p class=\"wp-block-paragraph\">Les ateliers ont lieu en groupes de 3 personnes.<br>Lieu: rue de Lausanne 76, 1202 Gen\u00e8ve (arr\u00eat tram Butini, parking Butini)<br>Tarif: CHF 40.- l&rsquo;atelier de 1h30<br>Inscription par t\u00e9l., sms ou mail. +4176 584 02 50 (Sandra) ou contact@harmonique.ch<\/p>\n\n\n\n<p class=\"wp-block-paragraph\"><\/p>\n\n\n\n<h3 class=\"wp-block-heading has-text-align-center\"><strong>ETE 2026<br>\n<\/strong><strong>QI GONG AU PARC BEAULIEU<\/strong><\/h3>\n\n\n\n<p class=\"wp-block-paragraph\"><strong>Les mercredis de 18h30 \u00e0 19h30<\/strong><\/p>\n\n\n\n<p class=\"wp-block-paragraph\">Rdv \u00e0 la buvette de Beaulieu &#8211; cabanon en bois en face de l&rsquo;\u00e9cole de Beaulieu<\/p>\n\n\n\n<p class=\"wp-block-paragraph\">Prix libre, sans inscription. Envoyez-moi un whatsapp pour rejoindre le groupe sur lequel les informations de derni\u00e8res minutes sont communiqu\u00e9es +41 76 584 02 50<br> .<\/p>\n\n\n\n<h2 class=\"wp-block-heading has-text-align-center\"><strong>SEANCES INDIVIDUELLES<\/strong><\/h2>\n\n\n\n<p class=\"wp-block-paragraph\">Nous commencerons par un questionnaire de sant\u00e9 qui permettra de cibler, selon vos besoins, les mouvements adapt\u00e9s. Permet par exemple de soulager les maux, d\u00e9nouer les tensions, apaiser l&rsquo;esprit, augmenter le niveau d&rsquo;\u00e9nergie g\u00e9n\u00e9ral. &nbsp;L&rsquo;objectif est de vous rendre autonome, avec des ressources vous permettant de pratiquer seul.e.<\/p>\n\n\n\n<p class=\"wp-block-paragraph\">S\u00e9ance de 60 mn avec anamn\u00e8se. Cours de suivi (pratique) en individuel: 45mn.<\/p>\n\n\n\n<figure class=\"wp-block-image is-resized\"><img loading=\"lazy\" decoding=\"async\" width=\"2560\" height=\"1403\" src=\"https:\/\/harmonique.ch\/wp-content\/uploads\/2023\/06\/IMG_1124-scaled.jpg\" alt=\"pratique de Qi gong\" class=\"wp-image-973\" style=\"aspect-ratio:1.8246614397719174;width:2560px;height:auto\" srcset=\"https:\/\/harmonique.ch\/wp-content\/uploads\/2023\/06\/IMG_1124-scaled.jpg 2560w, https:\/\/harmonique.ch\/wp-content\/uploads\/2023\/06\/IMG_1124-300x164.jpg 300w, https:\/\/harmonique.ch\/wp-content\/uploads\/2023\/06\/IMG_1124-1024x561.jpg 1024w, https:\/\/harmonique.ch\/wp-content\/uploads\/2023\/06\/IMG_1124-768x421.jpg 768w, https:\/\/harmonique.ch\/wp-content\/uploads\/2023\/06\/IMG_1124-1536x842.jpg 1536w, https:\/\/harmonique.ch\/wp-content\/uploads\/2023\/06\/IMG_1124-2048x1123.jpg 2048w\" sizes=\"auto, (max-width: 2560px) 100vw, 2560px\" \/><\/figure>\n\n\n\n<p class=\"wp-block-paragraph\"><\/p>\n","protected":false},"excerpt":{"rendered":"<p>La pratique du Qi Gong am\u00e8ne un \u00e9quilibre global: physique, psychique, \u00e9motionnel. Pratiqu\u00e9 r\u00e9guli\u00e8rement, il contribue \u00e0 renforcer le syst\u00e8me immunitaire, r\u00e9duit les effets du stress, apaise l&rsquo;esprit, r\u00e9gularise le sommeil, am\u00e9liore la digestion, tonifie les muscles, am\u00e9liore la circulation sanguine, r\u00e9gularise la tension art\u00e9rielle. Il favorise la circulation du Qi \u00e0 tous les niveaux. [&hellip;]<\/p>\n","protected":false},"author":2,"featured_media":0,"parent":0,"menu_order":0,"comment_status":"closed","ping_status":"closed","template":"","meta":{"footnotes":""},"class_list":["post-938","page","type-page","status-publish","hentry"],"_links":{"self":[{"href":"https:\/\/harmonique.ch\/index.php\/wp-json\/wp\/v2\/pages\/938","targetHints":{"allow":["GET"]}}],"collection":[{"href":"https:\/\/harmonique.ch\/index.php\/wp-json\/wp\/v2\/pages"}],"about":[{"href":"https:\/\/harmonique.ch\/index.php\/wp-json\/wp\/v2\/types\/page"}],"author":[{"embeddable":true,"href":"https:\/\/harmonique.ch\/index.php\/wp-json\/wp\/v2\/users\/2"}],"replies":[{"embeddable":true,"href":"https:\/\/harmonique.ch\/index.php\/wp-json\/wp\/v2\/comments?post=938"}],"version-history":[{"count":27,"href":"https:\/\/harmonique.ch\/index.php\/wp-json\/wp\/v2\/pages\/938\/revisions"}],"predecessor-version":[{"id":1433,"href":"https:\/\/harmonique.ch\/index.php\/wp-json\/wp\/v2\/pages\/938\/revisions\/1433"}],"wp:attachment":[{"href":"https:\/\/harmonique.ch\/index.php\/wp-json\/wp\/v2\/media?parent=938"}],"curies":[{"name":"wp","href":"https:\/\/api.w.org\/{rel}","templated":true}]}}

<p class="wp-block-paragraph">La pratique du Qi Gong amène un équilibre global: physique, psychique, émotionnel.</p>



<p class="wp-block-paragraph">Pratiqué régulièrement, il contribue à renforcer le système immunitaire, réduit les effets du stress, apaise l&rsquo;esprit, régularise le sommeil, améliore la digestion, tonifie les muscles, améliore la circulation sanguine, régularise la tension artérielle. Il favorise la circulation du Qi à tous les niveaux.</p>



<p class="wp-block-paragraph">Il amène concentration et conscience de son propre corps, de son axe. En découlent une proprioception améliorée et une posture plus saine. Un travail sur le souffle est réalisé.</p>



<p class="wp-block-paragraph">Le Qi gong est particulièrement recommandée en cas d&rsquo;anxiété, en suivi de burn out, pour contribuer à restaurer l&rsquo;énergie originelle, ou encore dans les  phases de convalescence et remise en forme. </p>



<h2 class="wp-block-heading has-text-align-center">COURS COLLECTIFS</h2>



<p class="has-text-align-center has-medium-font-size wp-block-paragraph"><strong>Les vendredis de 11h à 12h<br>25 septembre, 2, 9, 16, 23 octobre de 11h à 12h</strong></p>



<p class="wp-block-paragraph">Les cours ont lieu en petits groupes de 3 personnes.<br>La session se compose de 5 cours et permet d&rsquo;acquérir une autonomie dans la pratique d&rsquo;une forme. <br>Lieu: rue de Lausanne 76, 1202 Genève (arrêt tram Butini, parking Butini)<br>Tarif: CHF 125.- la session de 5 cours<br>Inscription par tél., sms ou mail. +4176 584 02 50 (Sandra) ou contact@harmonique.ch</p>



<p class="wp-block-paragraph"></p>



<h2 class="wp-block-heading has-text-align-center">ATELIERS DU DIMANCHE</h2>



<p class="has-text-align-center has-medium-font-size wp-block-paragraph"><strong>18 oct. / 1er nov / 6 déc. <br>de 10h30 à 12h</strong></p>



<p class="wp-block-paragraph">Les ateliers ont lieu en groupes de 3 personnes.<br>Lieu: rue de Lausanne 76, 1202 Genève (arrêt tram Butini, parking Butini)<br>Tarif: CHF 40.- l&rsquo;atelier de 1h30<br>Inscription par tél., sms ou mail. +4176 584 02 50 (Sandra) ou contact@harmonique.ch</p>



<p class="wp-block-paragraph"></p>



<h3 class="wp-block-heading has-text-align-center"><strong>ETE 2026<br>
</strong><strong>QI GONG AU PARC BEAULIEU</strong></h3>



<p class="wp-block-paragraph"><strong>Les mercredis de 18h30 à 19h30</strong></p>



<p class="wp-block-paragraph">Rdv à la buvette de Beaulieu &#8211; cabanon en bois en face de l&rsquo;école de Beaulieu</p>



<p class="wp-block-paragraph">Prix libre, sans inscription. Envoyez-moi un whatsapp pour rejoindre le groupe sur lequel les informations de dernières minutes sont communiquées +41 76 584 02 50<br> .</p>



<h2 class="wp-block-heading has-text-align-center"><strong>SEANCES INDIVIDUELLES</strong></h2>



<p class="wp-block-paragraph">Nous commencerons par un questionnaire de santé qui permettra de cibler, selon vos besoins, les mouvements adaptés. Permet par exemple de soulager les maux, dénouer les tensions, apaiser l&rsquo;esprit, augmenter le niveau d&rsquo;énergie général. &nbsp;L&rsquo;objectif est de vous rendre autonome, avec des ressources vous permettant de pratiquer seul.e.</p>



<p class="wp-block-paragraph">Séance de 60 mn avec anamnèse. Cours de suivi (pratique) en individuel: 45mn.</p>



<figure class="wp-block-image is-resized"><img loading="lazy" decoding="async" width="2560" height="1403" src="https://harmonique.ch/wp-content/uploads/2023/06/IMG_1124-scaled.jpg" alt="pratique de Qi gong" class="wp-image-973" style="aspect-ratio:1.8246614397719174;width:2560px;height:auto" srcset="https://harmonique.ch/wp-content/uploads/2023/06/IMG_1124-scaled.jpg 2560w, https://harmonique.ch/wp-content/uploads/2023/06/IMG_1124-300x164.jpg 300w, https://harmonique.ch/wp-content/uploads/2023/06/IMG_1124-1024x561.jpg 1024w, https://harmonique.ch/wp-content/uploads/2023/06/IMG_1124-768x421.jpg 768w, https://harmonique.ch/wp-content/uploads/2023/06/IMG_1124-1536x842.jpg 1536w, https://harmonique.ch/wp-content/uploads/2023/06/IMG_1124-2048x1123.jpg 2048w" sizes="auto, (max-width: 2560px) 100vw, 2560px" /></figure>



<p class="wp-block-paragraph"></p>

<p>La pratique du Qi Gong amène un équilibre global: physique, psychique, émotionnel. Pratiqué régulièrement, il contribue à renforcer le système immunitaire, réduit les effets du stress, apaise l&rsquo;esprit, régularise le sommeil, améliore la digestion, tonifie les muscles, améliore la circulation sanguine, régularise la tension artérielle. Il favorise la circulation du Qi à tous les niveaux. [&hellip;]</p>
