{"id":366,"date":"2019-03-08T14:51:01","date_gmt":"2019-03-08T14:51:01","guid":{"rendered":"https:\/\/harmonique.ch\/?page_id=366"},"modified":"2024-10-06T00:16:53","modified_gmt":"2024-10-06T00:16:53","slug":"lieux-sacres-medecine-symbolique-geneve-geometrie-sacree","status":"publish","type":"page","link":"https:\/\/harmonique.ch\/index.php\/lieux-sacres-medecine-symbolique-geneve-geometrie-sacree\/","title":{"rendered":"Lieux sacr\u00e9s"},"content":{"rendered":"<h3>\u00ab\u00a0Approcher un lieu sacr\u00e9, c&rsquo;est contacter le Sacr\u00e9 en soi.\u00a0\u00bb<\/h3>\n<div id='gallery-1' class='gallery galleryid-366 gallery-columns-3 gallery-size-medium'><figure class='gallery-item'>\n\t\t\t<div class='gallery-icon landscape'>\n\t\t\t\t<img loading=\"lazy\" decoding=\"async\" width=\"300\" height=\"225\" src=\"https:\/\/harmonique.ch\/wp-content\/uploads\/2020\/01\/IMG_9601-e1579205472920-300x225.jpg\" class=\"attachment-medium size-medium\" alt=\"\" srcset=\"https:\/\/harmonique.ch\/wp-content\/uploads\/2020\/01\/IMG_9601-e1579205472920-300x225.jpg 300w, https:\/\/harmonique.ch\/wp-content\/uploads\/2020\/01\/IMG_9601-e1579205472920-768x576.jpg 768w, https:\/\/harmonique.ch\/wp-content\/uploads\/2020\/01\/IMG_9601-e1579205472920.jpg 960w\" sizes=\"auto, (max-width: 300px) 100vw, 300px\" \/>\n\t\t\t<\/div><\/figure><figure class='gallery-item'>\n\t\t\t<div class='gallery-icon landscape'>\n\t\t\t\t<img loading=\"lazy\" decoding=\"async\" width=\"300\" height=\"225\" src=\"https:\/\/harmonique.ch\/wp-content\/uploads\/2020\/01\/baguettes-temple-e1579205341820-300x225.jpg\" class=\"attachment-medium size-medium\" alt=\"\" srcset=\"https:\/\/harmonique.ch\/wp-content\/uploads\/2020\/01\/baguettes-temple-e1579205341820-300x225.jpg 300w, https:\/\/harmonique.ch\/wp-content\/uploads\/2020\/01\/baguettes-temple-e1579205341820-1024x768.jpg 1024w, https:\/\/harmonique.ch\/wp-content\/uploads\/2020\/01\/baguettes-temple-e1579205341820-768x576.jpg 768w, https:\/\/harmonique.ch\/wp-content\/uploads\/2020\/01\/baguettes-temple-e1579205341820.jpg 1280w\" sizes=\"auto, (max-width: 300px) 100vw, 300px\" \/>\n\t\t\t<\/div><\/figure><figure class='gallery-item'>\n\t\t\t<div class='gallery-icon landscape'>\n\t\t\t\t<img loading=\"lazy\" decoding=\"async\" width=\"300\" height=\"225\" src=\"https:\/\/harmonique.ch\/wp-content\/uploads\/2019\/03\/IMG_3232-300x225.jpg\" class=\"attachment-medium size-medium\" alt=\"\" srcset=\"https:\/\/harmonique.ch\/wp-content\/uploads\/2019\/03\/IMG_3232-300x225.jpg 300w, https:\/\/harmonique.ch\/wp-content\/uploads\/2019\/03\/IMG_3232-768x576.jpg 768w, https:\/\/harmonique.ch\/wp-content\/uploads\/2019\/03\/IMG_3232-1024x768.jpg 1024w\" sizes=\"auto, (max-width: 300px) 100vw, 300px\" \/>\n\t\t\t<\/div><\/figure>\n\t\t<\/div>\n\n<p>Un lieu sacr\u00e9 pr\u00e9sente des caract\u00e9ristiques vibratoires particuli\u00e8res. Sites m\u00e9galithiques (dolmens, menhirs, cromlech, etc.), \u00e9glises, chapelles, sources, grottes, pierres \u00e0 cupules, sont autant de sites qui peuvent \u00eatre approch\u00e9s en suivant les messages re\u00e7u par les baguettes coud\u00e9es.<\/p>\n<p>Nos corps entrent en r\u00e9sonance avec les hautes fr\u00e9quence vibratoire de ces sites. Des sch\u00e9mas, noeuds, blocages parfois inconscients, peuvent se r\u00e9v\u00e9ler. Lieux de gu\u00e9rison, lieux d&rsquo;enseignement, ces sites vont aussi demander aux visiteurs la r\u00e9activation de leurs vibrations.<\/p>\n<p>L&rsquo;\u00e9nergie de Vie de ces sites am\u00e8ne \u00e0 se reconnecter \u00e0 soi, \u00e0 son chemin.<\/p>\n<p>Les visites sont organis\u00e9es ponctuellement. Consultez la rubrique <a href=\"https:\/\/harmonique.ch\/index.php\/evenements\/\">\u00e9v\u00e9nements<\/a> pour le programme.<\/p>\n<p>Elles peuvent \u00eatre organis\u00e9es \u00e0 la demande, individuelles ou pour des groupes. Pour chaque personne curieuse de ressentir la connexion au sacr\u00e9, de mieux se conna\u00eetre tout en d\u00e9couvrant un lieu exceptionnel; pour les groupes, entreprises souhaitant une activit\u00e9 qui met en lien.<\/p>\n<p><a href=\"https:\/\/harmonique.ch\/wp-content\/uploads\/2024\/10\/IMG_1633.mov\">Activation lieu sacr\u00e9<\/a><\/p>\n<p><img loading=\"lazy\" decoding=\"async\" class=\"aligncenter  wp-image-1201\" src=\"https:\/\/harmonique.ch\/wp-content\/uploads\/2024\/10\/IMG_1691.heic\" alt=\"\" width=\"504\" height=\"283\" \/><\/p>\n<p>&nbsp;<\/p>\n","protected":false},"excerpt":{"rendered":"<p>\u00ab\u00a0Approcher un lieu sacr\u00e9, c&rsquo;est contacter le Sacr\u00e9 en soi.\u00a0\u00bb Un lieu sacr\u00e9 pr\u00e9sente des caract\u00e9ristiques vibratoires particuli\u00e8res. Sites m\u00e9galithiques (dolmens, menhirs, cromlech, etc.), \u00e9glises, chapelles, sources, grottes, pierres \u00e0 cupules, sont autant de sites qui peuvent \u00eatre approch\u00e9s en suivant les messages re\u00e7u par les baguettes coud\u00e9es. Nos corps entrent en r\u00e9sonance avec les [&hellip;]<\/p>\n","protected":false},"author":2,"featured_media":596,"parent":0,"menu_order":0,"comment_status":"closed","ping_status":"closed","template":"","meta":{"footnotes":""},"class_list":["post-366","page","type-page","status-publish","has-post-thumbnail","hentry"],"_links":{"self":[{"href":"https:\/\/harmonique.ch\/index.php\/wp-json\/wp\/v2\/pages\/366","targetHints":{"allow":["GET"]}}],"collection":[{"href":"https:\/\/harmonique.ch\/index.php\/wp-json\/wp\/v2\/pages"}],"about":[{"href":"https:\/\/harmonique.ch\/index.php\/wp-json\/wp\/v2\/types\/page"}],"author":[{"embeddable":true,"href":"https:\/\/harmonique.ch\/index.php\/wp-json\/wp\/v2\/users\/2"}],"replies":[{"embeddable":true,"href":"https:\/\/harmonique.ch\/index.php\/wp-json\/wp\/v2\/comments?post=366"}],"version-history":[{"count":13,"href":"https:\/\/harmonique.ch\/index.php\/wp-json\/wp\/v2\/pages\/366\/revisions"}],"predecessor-version":[{"id":1221,"href":"https:\/\/harmonique.ch\/index.php\/wp-json\/wp\/v2\/pages\/366\/revisions\/1221"}],"wp:featuredmedia":[{"embeddable":true,"href":"https:\/\/harmonique.ch\/index.php\/wp-json\/wp\/v2\/media\/596"}],"wp:attachment":[{"href":"https:\/\/harmonique.ch\/index.php\/wp-json\/wp\/v2\/media?parent=366"}],"curies":[{"name":"wp","href":"https:\/\/api.w.org\/{rel}","templated":true}]}}

Lieux sacrés

<h3>« Approcher un lieu sacré, c&rsquo;est contacter le Sacré en soi. »</h3>
<div id='gallery-1' class='gallery galleryid-366 gallery-columns-3 gallery-size-medium'><figure class='gallery-item'>
			<div class='gallery-icon landscape'>
				<img loading="lazy" decoding="async" width="300" height="225" src="https://harmonique.ch/wp-content/uploads/2020/01/IMG_9601-e1579205472920-300x225.jpg" class="attachment-medium size-medium" alt="" srcset="https://harmonique.ch/wp-content/uploads/2020/01/IMG_9601-e1579205472920-300x225.jpg 300w, https://harmonique.ch/wp-content/uploads/2020/01/IMG_9601-e1579205472920-768x576.jpg 768w, https://harmonique.ch/wp-content/uploads/2020/01/IMG_9601-e1579205472920.jpg 960w" sizes="auto, (max-width: 300px) 100vw, 300px" />
			</div></figure><figure class='gallery-item'>
			<div class='gallery-icon landscape'>
				<img loading="lazy" decoding="async" width="300" height="225" src="https://harmonique.ch/wp-content/uploads/2020/01/baguettes-temple-e1579205341820-300x225.jpg" class="attachment-medium size-medium" alt="" srcset="https://harmonique.ch/wp-content/uploads/2020/01/baguettes-temple-e1579205341820-300x225.jpg 300w, https://harmonique.ch/wp-content/uploads/2020/01/baguettes-temple-e1579205341820-1024x768.jpg 1024w, https://harmonique.ch/wp-content/uploads/2020/01/baguettes-temple-e1579205341820-768x576.jpg 768w, https://harmonique.ch/wp-content/uploads/2020/01/baguettes-temple-e1579205341820.jpg 1280w" sizes="auto, (max-width: 300px) 100vw, 300px" />
			</div></figure><figure class='gallery-item'>
			<div class='gallery-icon landscape'>
				<img loading="lazy" decoding="async" width="300" height="225" src="https://harmonique.ch/wp-content/uploads/2019/03/IMG_3232-300x225.jpg" class="attachment-medium size-medium" alt="" srcset="https://harmonique.ch/wp-content/uploads/2019/03/IMG_3232-300x225.jpg 300w, https://harmonique.ch/wp-content/uploads/2019/03/IMG_3232-768x576.jpg 768w, https://harmonique.ch/wp-content/uploads/2019/03/IMG_3232-1024x768.jpg 1024w" sizes="auto, (max-width: 300px) 100vw, 300px" />
			</div></figure>
		</div>

<p>Un lieu sacré présente des caractéristiques vibratoires particulières. Sites mégalithiques (dolmens, menhirs, cromlech, etc.), églises, chapelles, sources, grottes, pierres à cupules, sont autant de sites qui peuvent être approchés en suivant les messages reçu par les baguettes coudées.</p>
<p>Nos corps entrent en résonance avec les hautes fréquence vibratoire de ces sites. Des schémas, noeuds, blocages parfois inconscients, peuvent se révéler. Lieux de guérison, lieux d&rsquo;enseignement, ces sites vont aussi demander aux visiteurs la réactivation de leurs vibrations.</p>
<p>L&rsquo;énergie de Vie de ces sites amène à se reconnecter à soi, à son chemin.</p>
<p>Les visites sont organisées ponctuellement. Consultez la rubrique <a href="https://harmonique.ch/index.php/evenements/">événements</a> pour le programme.</p>
<p>Elles peuvent être organisées à la demande, individuelles ou pour des groupes. Pour chaque personne curieuse de ressentir la connexion au sacré, de mieux se connaître tout en découvrant un lieu exceptionnel; pour les groupes, entreprises souhaitant une activité qui met en lien.</p>
<p><a href="https://harmonique.ch/wp-content/uploads/2024/10/IMG_1633.mov">Activation lieu sacré</a></p>
<p><img loading="lazy" decoding="async" class="aligncenter  wp-image-1201" src="https://harmonique.ch/wp-content/uploads/2024/10/IMG_1691.heic" alt="" width="504" height="283" /></p>
<p>&nbsp;</p>

<p>« Approcher un lieu sacré, c&rsquo;est contacter le Sacré en soi. » Un lieu sacré présente des caractéristiques vibratoires particulières. Sites mégalithiques (dolmens, menhirs, cromlech, etc.), églises, chapelles, sources, grottes, pierres à cupules, sont autant de sites qui peuvent être approchés en suivant les messages reçu par les baguettes coudées. Nos corps entrent en résonance avec les [&hellip;]</p>
