{"id":1167,"date":"2024-10-04T16:30:15","date_gmt":"2024-10-04T16:30:15","guid":{"rendered":"https:\/\/harmonique.ch\/?page_id=1167"},"modified":"2026-06-26T21:44:25","modified_gmt":"2026-06-26T21:44:25","slug":"initiation-au-maniement-des-baguettes-coudees","status":"publish","type":"page","link":"https:\/\/harmonique.ch\/index.php\/initiation-au-maniement-des-baguettes-coudees\/","title":{"rendered":"Initiation baguettes"},"content":{"rendered":"\n<blockquote class=\"wp-block-quote is-layout-flow wp-block-quote-is-layout-flow\">\n<h2 class=\"wp-block-heading has-medium-font-size\">D\u00e9couvrez un outil puissant et ancestral pour entrer en contact avec l&rsquo;invisible : les baguettes coud\u00e9es. Utilis\u00e9es depuis des si\u00e8cles pour explorer le monde subtil, elles vous aident \u00e0 d\u00e9velopper votre ressenti et \u00e0 recevoir des r\u00e9ponses \u00e0 vos questions.<\/h2>\n<\/blockquote>\n\n\n\n<h3 class=\"wp-block-heading has-text-align-center has-pale-cyan-blue-background-color has-background\">PROCHAINE FORMATION<br>VENDREDI 10 ET 17 JUILLET DE 18H \u00e0 21H<\/h3>\n\n\n\n<p class=\"has-text-align-center has-white-background-color has-background has-medium-font-size wp-block-paragraph\">L&rsquo;initiation est organis\u00e9e sur 2 soir\u00e9es. Une pratique personnelle est requise durant la semaine. <br>Lieu: cabinet Harmonique, rue de Lausanne 76 et parc<br>Tarif: CHF 150.-<br>Inscription: contact@harmonique.ch \/ +41765840250<br>Baguettes disponibles sur place.<\/p>\n\n\n\n<h3 class=\"wp-block-heading\">D\u00e9roulement de l&rsquo;initiation au maniement des baguettes coud\u00e9es<\/h3>\n\n\n\n<p class=\"wp-block-paragraph\">Vous apprendrez \u00e0 :<\/p>\n\n\n\n<ul class=\"wp-block-list\">\n<li>Tenir les baguettes<\/li>\n\n\n\n<li>Ressentir et se laisser guider par les mouvements des baguettes<\/li>\n\n\n\n<li>Faire des tests sous forme de \u00ab\u00a0oui\u00a0\u00bb ou \u00ab\u00a0non\u00a0\u00bb (ouvrages, aliments)<\/li>\n\n\n\n<li>Dater des ph\u00e9nom\u00e8nes<\/li>\n\n\n\n<li>Entrer en contact avec l\u2019aura des arbres et ressentir l\u2019\u00e9nergie des v\u00e9g\u00e9taux<\/li>\n<\/ul>\n\n\n\n<p class=\"wp-block-paragraph\">Une date suppl\u00e9mentaire, facultative, sera propos\u00e9e d&rsquo;entente avec les participant.es afin d&rsquo;aller plus loin sur la lecture d&rsquo;aura et permettre une pratique assist\u00e9e.<\/p>\n\n\n\n<p class=\"wp-block-paragraph\">A la fin de l&rsquo;initiation, vous serez capable de :<\/p>\n\n\n\n<ul class=\"wp-block-list\">\n<li>R\u00e9aliser des d\u00e9tections plus fines et recevoir des messages<\/li>\n\n\n\n<li>D\u00e9tecter l&rsquo;aura humaine et effectuer des lectures symboliques<\/li>\n\n\n\n<li>Obtenir des messages en lien avec la forme de l&rsquo;aura<\/li>\n\n\n\n<li>Obtenir des informations plus subtiles \u00e0 partir de la symbolique des d\u00e9tections<\/li>\n<\/ul>\n\n\n\n<h3 class=\"wp-block-heading\">Pratiques compl\u00e9mentaires<\/h3>\n\n\n\n<p class=\"wp-block-paragraph\">Des exercices de centrage et des pratiques de Qi Gong viendront rythmer les formations, permettant d\u2019affiner votre ressenti et de faire circuler l\u2019\u00e9nergie vitale (chi) de mani\u00e8re fluide et harmonieuse.<\/p>\n\n\n\n<h3 class=\"wp-block-heading\">Informations pratiques<\/h3>\n\n\n\n<p class=\"wp-block-paragraph\">Les initiations sont propos\u00e9es en petits groupes de 4 \u00e0 8 participants, afin de garantir un accompagnement personnalis\u00e9. Pour exprimer votre int\u00e9r\u00eat ou vous inscrire sur la liste d&rsquo;attente, merci d&rsquo;envoyer un email \u00e0 :&nbsp;<a>contact@harmonique.ch<\/a>. Les dates seront propos\u00e9es en fonction des inscriptions.<br><\/p>\n","protected":false},"excerpt":{"rendered":"<p>D\u00e9couvrez un outil puissant et ancestral pour entrer en contact avec l&rsquo;invisible : les baguettes coud\u00e9es. Utilis\u00e9es depuis des si\u00e8cles pour explorer le monde subtil, elles vous aident \u00e0 d\u00e9velopper votre ressenti et \u00e0 recevoir des r\u00e9ponses \u00e0 vos questions. PROCHAINE FORMATIONVENDREDI 10 ET 17 JUILLET DE 18H \u00e0 21H L&rsquo;initiation est organis\u00e9e sur 2 [&hellip;]<\/p>\n","protected":false},"author":2,"featured_media":0,"parent":0,"menu_order":0,"comment_status":"closed","ping_status":"closed","template":"","meta":{"footnotes":""},"class_list":["post-1167","page","type-page","status-publish","hentry"],"_links":{"self":[{"href":"https:\/\/harmonique.ch\/index.php\/wp-json\/wp\/v2\/pages\/1167","targetHints":{"allow":["GET"]}}],"collection":[{"href":"https:\/\/harmonique.ch\/index.php\/wp-json\/wp\/v2\/pages"}],"about":[{"href":"https:\/\/harmonique.ch\/index.php\/wp-json\/wp\/v2\/types\/page"}],"author":[{"embeddable":true,"href":"https:\/\/harmonique.ch\/index.php\/wp-json\/wp\/v2\/users\/2"}],"replies":[{"embeddable":true,"href":"https:\/\/harmonique.ch\/index.php\/wp-json\/wp\/v2\/comments?post=1167"}],"version-history":[{"count":11,"href":"https:\/\/harmonique.ch\/index.php\/wp-json\/wp\/v2\/pages\/1167\/revisions"}],"predecessor-version":[{"id":1428,"href":"https:\/\/harmonique.ch\/index.php\/wp-json\/wp\/v2\/pages\/1167\/revisions\/1428"}],"wp:attachment":[{"href":"https:\/\/harmonique.ch\/index.php\/wp-json\/wp\/v2\/media?parent=1167"}],"curies":[{"name":"wp","href":"https:\/\/api.w.org\/{rel}","templated":true}]}}

<blockquote class="wp-block-quote is-layout-flow wp-block-quote-is-layout-flow">
<h2 class="wp-block-heading has-medium-font-size">Découvrez un outil puissant et ancestral pour entrer en contact avec l&rsquo;invisible : les baguettes coudées. Utilisées depuis des siècles pour explorer le monde subtil, elles vous aident à développer votre ressenti et à recevoir des réponses à vos questions.</h2>
</blockquote>



<h3 class="wp-block-heading has-text-align-center has-pale-cyan-blue-background-color has-background">PROCHAINE FORMATION<br>VENDREDI 10 ET 17 JUILLET DE 18H à 21H</h3>



<p class="has-text-align-center has-white-background-color has-background has-medium-font-size wp-block-paragraph">L&rsquo;initiation est organisée sur 2 soirées. Une pratique personnelle est requise durant la semaine. <br>Lieu: cabinet Harmonique, rue de Lausanne 76 et parc<br>Tarif: CHF 150.-<br>Inscription: contact@harmonique.ch / +41765840250<br>Baguettes disponibles sur place.</p>



<h3 class="wp-block-heading">Déroulement de l&rsquo;initiation au maniement des baguettes coudées</h3>



<p class="wp-block-paragraph">Vous apprendrez à :</p>



<ul class="wp-block-list">
<li>Tenir les baguettes</li>



<li>Ressentir et se laisser guider par les mouvements des baguettes</li>



<li>Faire des tests sous forme de « oui » ou « non » (ouvrages, aliments)</li>



<li>Dater des phénomènes</li>



<li>Entrer en contact avec l’aura des arbres et ressentir l’énergie des végétaux</li>
</ul>



<p class="wp-block-paragraph">Une date supplémentaire, facultative, sera proposée d&rsquo;entente avec les participant.es afin d&rsquo;aller plus loin sur la lecture d&rsquo;aura et permettre une pratique assistée.</p>



<p class="wp-block-paragraph">A la fin de l&rsquo;initiation, vous serez capable de :</p>



<ul class="wp-block-list">
<li>Réaliser des détections plus fines et recevoir des messages</li>



<li>Détecter l&rsquo;aura humaine et effectuer des lectures symboliques</li>



<li>Obtenir des messages en lien avec la forme de l&rsquo;aura</li>



<li>Obtenir des informations plus subtiles à partir de la symbolique des détections</li>
</ul>



<h3 class="wp-block-heading">Pratiques complémentaires</h3>



<p class="wp-block-paragraph">Des exercices de centrage et des pratiques de Qi Gong viendront rythmer les formations, permettant d’affiner votre ressenti et de faire circuler l’énergie vitale (chi) de manière fluide et harmonieuse.</p>



<h3 class="wp-block-heading">Informations pratiques</h3>



<p class="wp-block-paragraph">Les initiations sont proposées en petits groupes de 4 à 8 participants, afin de garantir un accompagnement personnalisé. Pour exprimer votre intérêt ou vous inscrire sur la liste d&rsquo;attente, merci d&rsquo;envoyer un email à :&nbsp;<a>contact@harmonique.ch</a>. Les dates seront proposées en fonction des inscriptions.<br></p>

<p>Découvrez un outil puissant et ancestral pour entrer en contact avec l&rsquo;invisible : les baguettes coudées. Utilisées depuis des siècles pour explorer le monde subtil, elles vous aident à développer votre ressenti et à recevoir des réponses à vos questions. PROCHAINE FORMATIONVENDREDI 10 ET 17 JUILLET DE 18H à 21H L&rsquo;initiation est organisée sur 2 [&hellip;]</p>
