{"id":1103,"date":"2024-08-27T17:31:00","date_gmt":"2024-08-27T17:31:00","guid":{"rendered":"https:\/\/harmonique.ch\/?page_id=1103"},"modified":"2024-10-06T00:00:53","modified_gmt":"2024-10-06T00:00:53","slug":"soins-cheval-cavalier-et-harmonisation-des-ecuries","status":"publish","type":"page","link":"https:\/\/harmonique.ch\/index.php\/medecine-symbolique-geneve-soin-ame\/soins-cheval-cavalier-et-harmonisation-des-ecuries\/","title":{"rendered":"Soins animaux"},"content":{"rendered":"\n<p class=\"wp-block-paragraph\"><strong>Votre animal vous parle. Savez-vous l&rsquo;entendre ?<\/strong><\/p>\n\n\n\n<p class=\"wp-block-paragraph\">Je vous accompagne dans un voyage d&rsquo;\u00e2me \u00e0 \u00e2me avec votre compagnon. Que ce soit pour apaiser des maux physiques, \u00e9motionnels ou comportementaux, votre animal a des messages \u00e0 vous transmettre.<\/p>\n\n\n\n<p class=\"wp-block-paragraph\">La m\u00e9decine symbolique est une m\u00e9decine de l\u2019\u00e2me. Lorsque l\u2019\u00e2me (la partie spirituelle de l\u2019individu, ce qui l\u2019anime et le met en joie), est \u00abcontrari\u00e9e\u00bb, toutes sortes de perturbations se manifestent (comportement, sch\u00e9mas compulsifs, situations r\u00e9p\u00e9titives, etc.) et peuvent induire des sympt\u00f4mes physiques, chez l&rsquo;humain comme chez l&rsquo;animal.<\/p>\n\n\n\n<p class=\"wp-block-paragraph\"><strong>Comment \u00e7a marche?<\/strong><\/p>\n\n\n\n<p class=\"wp-block-paragraph\">Chaque consultation est une rencontre unique, o\u00f9 j&rsquo;agis en m\u00e9diatrice pour r\u00e9v\u00e9ler ce que votre animal souhaite exprimer. \u00c0 travers l&rsquo;\u00e9coute, l&rsquo;intuition et la symbolique, nous faisons \u00e9merger ensemble les racines des troubles et trouvons des moyens de les apaiser, en douceur et dans le respect de l&rsquo;\u00e2me animale.<\/p>\n\n\n\n<p class=\"wp-block-paragraph\">Lors du soin \u00e0 l&rsquo;animal, l&rsquo;humain.e est pr\u00e9sent.e. Il ou elle exprime la probl\u00e9matique pour l&rsquo;animal. Nous suivons ensuite les symboles d\u00e9tect\u00e9s gr\u00e2ce aux baguettes coud\u00e9es, qui rendent manifeste l\u2019invisible, permettent de saisir le message de l\u2019\u00e2me, les noeuds, les effets miroirs, de mettre du sens sur les sympt\u00f4mes de l&rsquo;animal, et induire le processus de gu\u00e9rison.<\/p>\n\n\n\n<h2 class=\"wp-block-heading\">Harmoniser le lieux de vie: appartement, maison, \u00e9curie..<\/h2>\n\n\n\n<p class=\"wp-block-paragraph\">Soigner l&rsquo;habitat (le lieu o\u00f9 vit l&rsquo;animal, appartement, maison, \u00e9curie &#8230;), pour lib\u00e9rer les \u00e9ventuelles perturbations \u00e9nerg\u00e9tiques et le rendre harmonieux, accueillant et apaisant, accompagne le processus.<\/p>\n\n\n\n<h2 class=\"wp-block-heading\">Vos compagnons (chats, chiens&#8230;)<\/h2>\n\n\n\n<p class=\"wp-block-paragraph\">Je me rends sur place pour les harmonisations des lieux de vie et les consultations pour les chevaux. Pour les autres animaux (chat, chien,\u2026) les s\u00e9ances ont lieu au cabinet ou \u00e0 domicile.<\/p>\n\n\n\n<p class=\"wp-block-paragraph\"><\/p>\n\n\n\n<p class=\"wp-block-paragraph\">J&rsquo;interviens seule ou en bin\u00f4me sur Gen\u00e8ve et dans la r\u00e9gion l\u00e9manique, sur demande.                                                        .         <\/p>\n\n\n\n<p class=\"wp-block-paragraph\"><\/p>\n\n\n\n<p class=\"wp-block-paragraph\"><\/p>\n\n\n\n<figure class=\"wp-block-gallery aligncenter has-nested-images columns-default is-cropped wp-block-gallery-1 is-layout-flex wp-block-gallery-is-layout-flex\">\n<figure class=\"wp-block-image size-full\"><img loading=\"lazy\" decoding=\"async\" width=\"1179\" height=\"1099\" data-id=\"1105\" src=\"https:\/\/harmonique.ch\/wp-content\/uploads\/2024\/08\/IMG_2608.jpg\" alt=\"\" class=\"wp-image-1105\" srcset=\"https:\/\/harmonique.ch\/wp-content\/uploads\/2024\/08\/IMG_2608.jpg 1179w, https:\/\/harmonique.ch\/wp-content\/uploads\/2024\/08\/IMG_2608-300x280.jpg 300w, https:\/\/harmonique.ch\/wp-content\/uploads\/2024\/08\/IMG_2608-1024x955.jpg 1024w, https:\/\/harmonique.ch\/wp-content\/uploads\/2024\/08\/IMG_2608-768x716.jpg 768w\" sizes=\"auto, (max-width: 1179px) 100vw, 1179px\" \/><\/figure>\n\n\n\n<figure class=\"wp-block-image size-full is-style-default\"><img decoding=\"async\" data-id=\"1092\" src=\"https:\/\/harmonique.ch\/wp-content\/uploads\/2024\/08\/IMG_1541.heic\" alt=\"\" class=\"wp-image-1092\"\/><\/figure>\n<\/figure>\n","protected":false},"excerpt":{"rendered":"<p>Votre animal vous parle. Savez-vous l&rsquo;entendre ? Je vous accompagne dans un voyage d&rsquo;\u00e2me \u00e0 \u00e2me avec votre compagnon. Que ce soit pour apaiser des maux physiques, \u00e9motionnels ou comportementaux, votre animal a des messages \u00e0 vous transmettre. La m\u00e9decine symbolique est une m\u00e9decine de l\u2019\u00e2me. Lorsque l\u2019\u00e2me (la partie spirituelle de l\u2019individu, ce qui [&hellip;]<\/p>\n","protected":false},"author":2,"featured_media":1105,"parent":42,"menu_order":0,"comment_status":"closed","ping_status":"closed","template":"","meta":{"footnotes":""},"class_list":["post-1103","page","type-page","status-publish","has-post-thumbnail","hentry"],"_links":{"self":[{"href":"https:\/\/harmonique.ch\/index.php\/wp-json\/wp\/v2\/pages\/1103","targetHints":{"allow":["GET"]}}],"collection":[{"href":"https:\/\/harmonique.ch\/index.php\/wp-json\/wp\/v2\/pages"}],"about":[{"href":"https:\/\/harmonique.ch\/index.php\/wp-json\/wp\/v2\/types\/page"}],"author":[{"embeddable":true,"href":"https:\/\/harmonique.ch\/index.php\/wp-json\/wp\/v2\/users\/2"}],"replies":[{"embeddable":true,"href":"https:\/\/harmonique.ch\/index.php\/wp-json\/wp\/v2\/comments?post=1103"}],"version-history":[{"count":20,"href":"https:\/\/harmonique.ch\/index.php\/wp-json\/wp\/v2\/pages\/1103\/revisions"}],"predecessor-version":[{"id":1217,"href":"https:\/\/harmonique.ch\/index.php\/wp-json\/wp\/v2\/pages\/1103\/revisions\/1217"}],"up":[{"embeddable":true,"href":"https:\/\/harmonique.ch\/index.php\/wp-json\/wp\/v2\/pages\/42"}],"wp:featuredmedia":[{"embeddable":true,"href":"https:\/\/harmonique.ch\/index.php\/wp-json\/wp\/v2\/media\/1105"}],"wp:attachment":[{"href":"https:\/\/harmonique.ch\/index.php\/wp-json\/wp\/v2\/media?parent=1103"}],"curies":[{"name":"wp","href":"https:\/\/api.w.org\/{rel}","templated":true}]}}

<p class="wp-block-paragraph"><strong>Votre animal vous parle. Savez-vous l&rsquo;entendre ?</strong></p>



<p class="wp-block-paragraph">Je vous accompagne dans un voyage d&rsquo;âme à âme avec votre compagnon. Que ce soit pour apaiser des maux physiques, émotionnels ou comportementaux, votre animal a des messages à vous transmettre.</p>



<p class="wp-block-paragraph">La médecine symbolique est une médecine de l’âme. Lorsque l’âme (la partie spirituelle de l’individu, ce qui l’anime et le met en joie), est «contrariée», toutes sortes de perturbations se manifestent (comportement, schémas compulsifs, situations répétitives, etc.) et peuvent induire des symptômes physiques, chez l&rsquo;humain comme chez l&rsquo;animal.</p>



<p class="wp-block-paragraph"><strong>Comment ça marche?</strong></p>



<p class="wp-block-paragraph">Chaque consultation est une rencontre unique, où j&rsquo;agis en médiatrice pour révéler ce que votre animal souhaite exprimer. À travers l&rsquo;écoute, l&rsquo;intuition et la symbolique, nous faisons émerger ensemble les racines des troubles et trouvons des moyens de les apaiser, en douceur et dans le respect de l&rsquo;âme animale.</p>



<p class="wp-block-paragraph">Lors du soin à l&rsquo;animal, l&rsquo;humain.e est présent.e. Il ou elle exprime la problématique pour l&rsquo;animal. Nous suivons ensuite les symboles détectés grâce aux baguettes coudées, qui rendent manifeste l’invisible, permettent de saisir le message de l’âme, les noeuds, les effets miroirs, de mettre du sens sur les symptômes de l&rsquo;animal, et induire le processus de guérison.</p>



<h2 class="wp-block-heading">Harmoniser le lieux de vie: appartement, maison, écurie..</h2>



<p class="wp-block-paragraph">Soigner l&rsquo;habitat (le lieu où vit l&rsquo;animal, appartement, maison, écurie &#8230;), pour libérer les éventuelles perturbations énergétiques et le rendre harmonieux, accueillant et apaisant, accompagne le processus.</p>



<h2 class="wp-block-heading">Vos compagnons (chats, chiens&#8230;)</h2>



<p class="wp-block-paragraph">Je me rends sur place pour les harmonisations des lieux de vie et les consultations pour les chevaux. Pour les autres animaux (chat, chien,…) les séances ont lieu au cabinet ou à domicile.</p>



<p class="wp-block-paragraph"></p>



<p class="wp-block-paragraph">J&rsquo;interviens seule ou en binôme sur Genève et dans la région lémanique, sur demande.                                                        .         </p>



<p class="wp-block-paragraph"></p>



<p class="wp-block-paragraph"></p>



<figure class="wp-block-gallery aligncenter has-nested-images columns-default is-cropped wp-block-gallery-1 is-layout-flex wp-block-gallery-is-layout-flex">
<figure class="wp-block-image size-full"><img loading="lazy" decoding="async" width="1179" height="1099" data-id="1105" src="https://harmonique.ch/wp-content/uploads/2024/08/IMG_2608.jpg" alt="" class="wp-image-1105" srcset="https://harmonique.ch/wp-content/uploads/2024/08/IMG_2608.jpg 1179w, https://harmonique.ch/wp-content/uploads/2024/08/IMG_2608-300x280.jpg 300w, https://harmonique.ch/wp-content/uploads/2024/08/IMG_2608-1024x955.jpg 1024w, https://harmonique.ch/wp-content/uploads/2024/08/IMG_2608-768x716.jpg 768w" sizes="auto, (max-width: 1179px) 100vw, 1179px" /></figure>



<figure class="wp-block-image size-full is-style-default"><img decoding="async" data-id="1092" src="https://harmonique.ch/wp-content/uploads/2024/08/IMG_1541.heic" alt="" class="wp-image-1092"/></figure>
</figure>

<p>Votre animal vous parle. Savez-vous l&rsquo;entendre ? Je vous accompagne dans un voyage d&rsquo;âme à âme avec votre compagnon. Que ce soit pour apaiser des maux physiques, émotionnels ou comportementaux, votre animal a des messages à vous transmettre. La médecine symbolique est une médecine de l’âme. Lorsque l’âme (la partie spirituelle de l’individu, ce qui [&hellip;]</p>
