{"id":10,"date":"2019-01-06T18:01:05","date_gmt":"2019-01-06T18:01:05","guid":{"rendered":"https:\/\/harmonique.ch\/?page_id=10"},"modified":"2024-10-25T20:35:49","modified_gmt":"2024-10-25T20:35:49","slug":"contact-harmonique-therapeute-geneve","status":"publish","type":"page","link":"https:\/\/harmonique.ch\/index.php\/contact-harmonique-therapeute-geneve\/","title":{"rendered":"Contact"},"content":{"rendered":"<p><strong>Email:\u00a0<\/strong><a href=\"mailto:contact@harmonique.ch\">contact@harmonique.ch<\/a><\/p>\n<p><strong>T\u00e9l.<\/strong> +41 76 584 02 50<\/p>\n<p><strong>Adresse\u00a0<\/strong>76, rue de Lausanne, 1202 Gen\u00e8ve<\/p>\n<p><strong>Acc\u00e8s<\/strong><\/p>\n<p>tram 15 arr\u00eat Butini; bus 1, 25 et Mouettes arr\u00eat Ch\u00e2teaubriand<\/p>\n<p>Parking du Prieur\u00e9, rue Butini 1<\/p>\n<p>\u00a0<\/p>\n<p>Rejoignez-moi sur les m\u00e9dias sociaux<\/p>\n<pre><a href=\"https:\/\/www.instagram.com\/harmonique.ch\/\" target=\"_blank\" rel=\"noopener\"><img loading=\"lazy\" decoding=\"async\" class=\"wp-image-781 alignleft\" src=\"https:\/\/harmonique.ch\/wp-content\/uploads\/2021\/02\/logo-insta-150x150.png\" alt=\"\" width=\"47\" height=\"47\" srcset=\"https:\/\/harmonique.ch\/wp-content\/uploads\/2021\/02\/logo-insta-150x150.png 150w, https:\/\/harmonique.ch\/wp-content\/uploads\/2021\/02\/logo-insta-300x300.png 300w, https:\/\/harmonique.ch\/wp-content\/uploads\/2021\/02\/logo-insta.png 500w\" sizes=\"auto, (max-width: 47px) 100vw, 47px\" \/><\/a>\n\n<a href=\"https:\/\/www.instagram.com\/harmonique.ch\/\">@harmonique.ch<\/a>\n\n<a href=\"https:\/\/www.facebook.com\/harmonique.ch\" target=\"_blank\" rel=\"noopener\"><img loading=\"lazy\" decoding=\"async\" class=\"alignleft wp-image-784\" src=\"https:\/\/harmonique.ch\/wp-content\/uploads\/2021\/02\/logo-fbk-150x150.png\" alt=\"\" width=\"47\" height=\"47\" srcset=\"https:\/\/harmonique.ch\/wp-content\/uploads\/2021\/02\/logo-fbk-150x150.png 150w, https:\/\/harmonique.ch\/wp-content\/uploads\/2021\/02\/logo-fbk.png 225w\" sizes=\"auto, (max-width: 47px) 100vw, 47px\" \/><\/a>\n\n<a href=\"https:\/\/www.facebook.com\/harmonique.ch\">harmonique.ch<\/a><\/pre>\n\n\n<p class=\"wp-block-paragraph\"><\/p>\n","protected":false},"excerpt":{"rendered":"<p>Email:\u00a0contact@harmonique.ch T\u00e9l. +41 76 584 02 50 Adresse\u00a076, rue de Lausanne, 1202 Gen\u00e8ve Acc\u00e8s tram 15 arr\u00eat Butini; bus 1, 25 et Mouettes arr\u00eat Ch\u00e2teaubriand Parking du Prieur\u00e9, rue Butini 1 \u00a0 Rejoignez-moi sur les m\u00e9dias sociaux @harmonique.ch harmonique.ch<\/p>\n","protected":false},"author":1,"featured_media":0,"parent":0,"menu_order":0,"comment_status":"closed","ping_status":"closed","template":"","meta":{"footnotes":""},"class_list":["post-10","page","type-page","status-publish","hentry"],"_links":{"self":[{"href":"https:\/\/harmonique.ch\/index.php\/wp-json\/wp\/v2\/pages\/10","targetHints":{"allow":["GET"]}}],"collection":[{"href":"https:\/\/harmonique.ch\/index.php\/wp-json\/wp\/v2\/pages"}],"about":[{"href":"https:\/\/harmonique.ch\/index.php\/wp-json\/wp\/v2\/types\/page"}],"author":[{"embeddable":true,"href":"https:\/\/harmonique.ch\/index.php\/wp-json\/wp\/v2\/users\/1"}],"replies":[{"embeddable":true,"href":"https:\/\/harmonique.ch\/index.php\/wp-json\/wp\/v2\/comments?post=10"}],"version-history":[{"count":16,"href":"https:\/\/harmonique.ch\/index.php\/wp-json\/wp\/v2\/pages\/10\/revisions"}],"predecessor-version":[{"id":1240,"href":"https:\/\/harmonique.ch\/index.php\/wp-json\/wp\/v2\/pages\/10\/revisions\/1240"}],"wp:attachment":[{"href":"https:\/\/harmonique.ch\/index.php\/wp-json\/wp\/v2\/media?parent=10"}],"curies":[{"name":"wp","href":"https:\/\/api.w.org\/{rel}","templated":true}]}}

<p><strong>Email: </strong><a href="mailto:contact@harmonique.ch">contact@harmonique.ch</a></p>
<p><strong>Tél.</strong> +41 76 584 02 50</p>
<p><strong>Adresse </strong>76, rue de Lausanne, 1202 Genève</p>
<p><strong>Accès</strong></p>
<p>tram 15 arrêt Butini; bus 1, 25 et Mouettes arrêt Châteaubriand</p>
<p>Parking du Prieuré, rue Butini 1</p>
<p> </p>
<p>Rejoignez-moi sur les médias sociaux</p>
<pre><a href="https://www.instagram.com/harmonique.ch/" target="_blank" rel="noopener"><img loading="lazy" decoding="async" class="wp-image-781 alignleft" src="https://harmonique.ch/wp-content/uploads/2021/02/logo-insta-150x150.png" alt="" width="47" height="47" srcset="https://harmonique.ch/wp-content/uploads/2021/02/logo-insta-150x150.png 150w, https://harmonique.ch/wp-content/uploads/2021/02/logo-insta-300x300.png 300w, https://harmonique.ch/wp-content/uploads/2021/02/logo-insta.png 500w" sizes="auto, (max-width: 47px) 100vw, 47px" /></a>

<a href="https://www.instagram.com/harmonique.ch/">@harmonique.ch</a>

<a href="https://www.facebook.com/harmonique.ch" target="_blank" rel="noopener"><img loading="lazy" decoding="async" class="alignleft wp-image-784" src="https://harmonique.ch/wp-content/uploads/2021/02/logo-fbk-150x150.png" alt="" width="47" height="47" srcset="https://harmonique.ch/wp-content/uploads/2021/02/logo-fbk-150x150.png 150w, https://harmonique.ch/wp-content/uploads/2021/02/logo-fbk.png 225w" sizes="auto, (max-width: 47px) 100vw, 47px" /></a>

<a href="https://www.facebook.com/harmonique.ch">harmonique.ch</a></pre>


<p class="wp-block-paragraph"></p>

<p>Email: contact@harmonique.ch Tél. +41 76 584 02 50 Adresse 76, rue de Lausanne, 1202 Genève Accès tram 15 arrêt Butini; bus 1, 25 et Mouettes arrêt Châteaubriand Parking du Prieuré, rue Butini 1   Rejoignez-moi sur les médias sociaux @harmonique.ch harmonique.ch</p>
